e remainder when 16345915 is divided by 1931?
0
Calculate the remainder when 28167262 is divided by 111333.
13
What is the remainder when 17583499 is divided by 110?
109
What is the remainder when 65935 is divided by 44?
23
What is the remainder when 2713368 is divided by 2713366?
2
Calculate the remainder when 299678687 is divided by 265.
257
Calculate the remainder when 42035 is divided by 2087.
295
Calculate the remainder when 12612324 is divided by 238.
228
Calculate the remainder when 4883092 is divided by 77.
60
Calculate the remainder when 77498 is divided by 1212.
1142
Calculate the remainder when 25080179 is divided by 430.
429
What is the remainder when 93864 is divided by 23457?
36
Calculate the remainder when 13611785 is divided by 2945.
2940
Calculate the remainder when 245779 is divided by 1204.
163
Calculate the remainder when 3150762 is divided by 219.
9
Calculate the remainder when 13133813 is divided by 767.
472
What is the remainder when 1476804 is divided by 1476791?
13
Calculate the remainder when 8218146 is divided by 1027220.
386
What is the remainder when 35040155 is divided by 6?
5
Calculate the remainder when 362533 is divided by 72.
13
What is the remainder when 677722 is divided by 52004?
1670
Calculate the remainder when 1493051 is divided by 497475.
626
What is the remainder when 363733 is divided by 21371?
426
Calculate the remainder when 709065 is divided by 3459.
3429
What is the remainder when 3775658 is divided by 193?
192
Calculate the remainder when 3152868 is divided by 2054.
2032
What is the remainder when 308014669 is divided by 16?
13
What is the remainder when 523675 is divided by 9026?
167
What is the remainder when 12598124 is divided by 74?
68
What is the remainder when 1136137 is divided by 45425?
512
What is the remainder when 416236 is divided by 17241?
2452
What is the remainder when 847725 is divided by 367?
322
Calculate the remainder when 56318603 is divided by 301.
299
What is the remainder when 24312171 is divided by 2026012?
27
What is the remainder when 3342594 is divided by 1723?
1697
What is the remainder when 15358109 is divided by 31?
27
Calculate the remainder when 4530000 is divided by 1986.
1920
What is the remainder when 4232615 is divided by 744?
743
What is the remainder when 4590568 is divided by 2295269?
30
Calculate the remainder when 524951 is divided by 174709.
824
What is the remainder when 31071 is divided by 15307?
457
What is the remainder when 41053 is divided by 10239?
97
Calculate the remainder when 27182841 is divided by 166.
9
What is the remainder when 7411211 is divided by 319?
203
What is the remainder when 59695 is divided by 1417?
181
What is the remainder when 83472975 is divided by 1457?
1445
Calculate the remainder when 16241810 is divided by 339.
320
What is the remainder when 114003 is divided by 6666?
681
What is the remainder when 69858 is divided by 1895?
1638
Calculate the remainder when 4662950 is divided by 143.
6
What is the remainder when 368418595 is divided by 495?
490
Calculate the remainder when 127101 is divided by 2213.
960
What is the remainder when 90734893 is divided by 246?
7
Calculate the remainder when 81502043 is divided by 78.
77
Calculate the remainder when 5952827 is divided by 7331.
55
Calculate the remainder when 3339977 is divided by 214.
79
What is the remainder when 7570229 is divided by 946278?
5
Calculate the remainder when 340216 is divided by 30925.
41
What is the remainder when 223712 is divided by 1140?
272
Calculate the remainder when 63753 is divided by 2896.
41
What is the remainder when 257617 is divided by 10890?
7147
Calculate the remainder when 1096180 is divided by 145.
125
Calculate the remainder when 58996349 is divided by 567.
566
What is the remainder when 5890395 is divided by 740?
735
Calculate the remainder when 41174 is divided by 184.
142
Calculate the remainder when 14789284 is divided by 568818.
16
What is the remainder when 172781644 is divided by 208?
204
What is the remainder when 485179 is divided by 172?
139
Calculate the remainder when 33659998 is divided by 2640.
2638
Calculate the remainder when 9990 is divided by 3275.
165
Calculate the remainder when 2357678 is divided by 276.
86
What is the remainder when 8944 is divided by 380?
204
Calculate the remainder when 176907 is divided by 543.
432
What is the remainder when 289959487 is divided by 12?
7
Calculate the remainder when 841603 is divided by 21032.
323
What is the remainder when 3515367 is divided by 478?
155
Calculate the remainder when 103611 is divided by 12593.
2867
Calculate the remainder when 11213 is divided by 3890.
3433
What is the remainder when 14912676 is divided by 140685?
66
Calculate the remainder when 2095298 is divided by 1150.
1148
What is the remainder when 3686799 is divided by 1927?
448
Calculate the remainder when 24028031 is divided by 861.
104
What is the remainder when 35051351 is divided by 3186486?
5
What is the remainder when 1053179 is divided by 11194?
943
What is the remainder when 404162 is divided by 134478?
728
Calculate the remainder when 4550230 is divided by 189582.
262
Calculate the remainder when 34693 is divided by 10722.
2527
Calculate the remainder when 721010 is divided by 17164.
122
What is the remainder when 4337726 is divided by 197?
180
Calculate the remainder when 60358 is divided by 10486.
7928
Calculate the remainder when 5614156 is divided by 2806908.
340
Calculate the remainder when 3727667 is divided by 199.
198
Calculate the remainder when 297085797 is divided by 181.
180
Calculate the remainder when 529609 is divided by 503.
453
What is the remainder when 3633847 is divided by 302820?
7
Calculate the remainder when 11218 is divided by 663.
610
What is the remainder when 321706 is divided by 245?
21
What is the remainder when 47983 is divided by 5783?
1719
Calculate the remainder when 2140354 is divided by 29727.
10
What is the remainder when 298551 is divided by 21279?
645
Calculate the remainder when 352715 is divided by 176268.
179
What is the remainder when 4509425 is divided by 4509400?
25
Calculate the remainder when 21180276 is divided by 7784.
12
Calculate the remainder when 98713679 is divided by 464.
463
Calculate the remainder when 25751190 is divided by 161.
45
Calculate the remainder when 1280596 is divided by 922.
860
What is the remainder when 103272279 is divided by 18?
15
Calculate the remainder when 32381131 is divided by 167.
165
What is the remainder when 1214 is divided by 391?
41
What is the remainder when 102781632 is divided by 60036?
0
Calculate the remainder when 24791902 is divided by 1367.
1357
Calculate the remainder when 2956983 is divided by 123.
63
Calculate the remainder when 1879012 is divided by 2567.
2535
Calculate the remainder when 1661680 is divided by 4115.
3335
Calculate the remainder when 59097 is divided by 18659.
3120
Calculate the remainder when 8709335 is divided by 905.
520
Calculate the remainder when 293414 is divided by 160.
134
What is the remainder when 5081268 is divided by 1573?
478
What is the remainder when 2614401 is divided by 81696?
129
Calculate the remainder when 195 is divided by 190.
5
What is the remainder when 500682 is divided by 43?
33
Calculate the remainder when 319682971 is divided by 16.
11
Calculate the remainder when 3179784 is divided by 12183.
21
Calculate the remainder when 91593786 is divided by 74.
64
Calculate the remainder when 40412475 is divided by 26.
25
Calculate the remainder when 18286585 is divided by 2489.
2391
What is the remainder when 12166634 is divided by 25?
9
What is the remainder when 2992062 is divided by 249336?
30
What is the remainder when 665885 is divided by 205?
45
Calculate the remainder when 73320913 is divided by 134.
133
Calculate the remainder when 4243181 is divided by 40030.
1
Calculate the remainder when 2024785 is divided by 1947.
1852
What is the remainder when 33873452 is divided by 8335?
12
Calculate the remainder when 947468 is divided by 135343.
67
Calculate the remainder when 171121 is divided by 915.
16
What is the remainder when 1348164 is divided by 224277?
2502
What is the remainder when 194258463 is divided by 27?
24
What is the remainder when 363057 is divid